What is the units digit of ((-4)/(-5))/(y + (-22265)/2025)?
2
What is the thousands digit of (-1 - 31/(-3))*(-18 + 64386/84)?
6
Suppose 60*g = -113*g + 1064469. What is the units digit of g?
3
Suppose -3*t + 2*d - 5 = 0, -3*d + 37 = t + 24. What is the tens digit of (85/3)/(29/522) - t?
0
Suppose -5*w + 16 = 71. Let g(b) = b**3 + 17*b**2 - 19*b - 2. What is the tens digit of g(w)?
3
Suppose -3*m + 1374 = y, -5*m = -9*y + 6*y - 2276. Suppose -5*t + 451 = l, -m = -l - 18*t + 16*t. What is the hundreds digit of l?
4
Suppose -43182 = -2*t + d, 288*d = -3*t + 286*d + 64780. What is the ten thousands digit of t?
2
Let t(d) be the second derivative of d**4/12 + d**3/3 + 3*d**2/2 - 29*d. What is the units digit of t(-13)?
6
Let l(w) = -8*w - 6. Let c(t) = -t**2 + 1. Let q(v) = -6*c(v) + l(v). Suppose -109*m + 112*m = -15. What is the tens digit of q(m)?
7
Suppose 2*w = -2*t + 12596, 14*t = -6*w + 11*w - 31395. What is the hundreds digit of w?
2
Let f(o) = o**2 + 19*o + 41. Let t be f(-17). Suppose -t + 10 = k. Suppose -20 + 26 = k*v. What is the units digit of v?
2
What is the units digit of (20/(-6))/(-2) - 3441888/(-432)?
9
Let k(s) = -s**3 + 15*s**2 - 14*s + 7. Let c be k(17). Let j = 1136 + c. Suppose -j + 0 = -3*u. What is the tens digit of u?
0
Suppose -32*g + 27*g = -5*y + 39070, -4*y = 4*g - 31248. What is the thousands digit of y?
7
Let i = 59 + -55. Let m be (i + -4)/(1*-1). Suppose -3*y - 3*j + 450 = 0, m = -5*y + 2*j - 3*j + 734. What is the tens digit of y?
4
Suppose 0 = -2*v + l - 29, -5*v - 1 - 78 = 4*l. Let n(x) = -x**3 - 10*x**2 + 11*x + 2. What is the tens digit of n(v)?
6
Suppose 0 = -328*v + 336*v - 16. Suppose -v*k + 2214 = -92. What is the hundreds digit of k?
1
Suppose y + 5*f - 55 = 0, -2*y = -3*y + 4*f + 46. Let a be (-2)/(9/((-2025)/(-10))). Let h = y + a. What is the units digit of h?
5
Suppose 0*a + 387 = 3*a. Suppose 23*x - 139 = -93. Suppose -5*b - a = -4*o, x*o + 3*o - b = 156. What is the units digit of o?
1
Let w be 0 - (-2)/(2 - 3064/1534). Suppose 8*s + 5*s = w. Let b = 216 - s. What is the tens digit of b?
5
Suppose 15*d - 24*d = 0. Suppose 5*l + 5*v - 4980 = d, -2*l - 7*v + 8*v + 1989 = 0. What is the hundreds digit of l?
9
Let y = 38 - 38. Let w be 135 - (-2 + (-6)/(-1)). Suppose 0 = -m + 5*v + 63, -5*v + y*v - w = -2*m. What is the tens digit of m?
6
Suppose 1251 = 5*n - 234. Suppose 2*k + 1057 = -5*o, 2*k + 849 = -4*o - 3*k. Let v = o + n. What is the tens digit of v?
8
Let u(b) = -74*b - 59. Let k be u(-5). Let j = k + -78. What is the tens digit of j?
3
Let s = 366 - 132. Suppose 296 = 2*n - s. What is the tens digit of n?
6
Let z(k) = 35*k - 6. Suppose -2*v + 210 = 3*g + g, -3*g + 130 = -4*v. Let n = g + -49. What is the units digit of z(n)?
9
Let y = -441 - -481. Suppose y*n - 46*n = -1416. What is the units digit of n?
6
Let a(d) = 2201*d**2 - 182*d + 4. What is the hundreds digit of a(4)?
4
Suppose l + 57957 = 7*s - 4*s, 19329 = s + 3*l. What is the ten thousands digit of s?
1
Suppose -f = -16*l + 17*l, 4*f + 16 = 0. Suppose 4*h - 484 = g + 234, h = l*g + 172. What is the hundreds digit of h?
1
Let q = 2256 - 4522. Let r = q + 3741. What is the thousands digit of r?
1
Suppose 4*u - 74166 - 12274 = -4*c, -5*u + c = -108008. What is the units digit of u?
3
Let i = 24 + 28875. What is the thousands digit of i?
8
Let h be (-9 - -6 - -5) + -615. Let c = h - -1151. What is the units digit of c?
8
Suppose -116 = o - 114. Let t be 402/(-6) + (1 - o - -1). Let s = 115 + t. What is the tens digit of s?
5
Suppose -5*v + 185285 - 61932 = 3*f, -3*v - f + 74015 = 0. What is the units digit of v?
3
Let i be (2 - 1) + 22 + 541. What is the hundreds digit of i + -2 + (2 - (5 + -8))?
5
Let n = -80 + 85. Let z(y) = y**2 - y - 25. Let j be z(n). What is the hundreds digit of (25 + -29)*(j*10 + -2)?
2
Let r(m) = 3*m**2 + 10*m - 74. Let n be r(7). Suppose -n = -k + 269. What is the units digit of k?
2
Let o = 67 - -52. What is the tens digit of (13 - 3)/(3 + (-355)/o)?
9
What is the tens digit of 4628/4*(-5)/(15/(-6))?
1
Suppose -1045755 = 123*o - 4376964. What is the thousands digit of o?
7
Suppose -45*j - 5 = -50*j. Let f(c) = -28 + 122*c**2 + 15 + 8 + 3*c. What is the tens digit of f(j)?
2
Suppose -4*j = -4*n + 14040, 4*n - 23561 = -j - 9526. Suppose 0 = -22*f + 11*f + n. What is the units digit of f?
9
Let d(k) = -2*k**3 + 59*k**2 - 27*k**2 - 34*k**2 + 6. Suppose -10*g + 9*g - 3 = 0. What is the units digit of d(g)?
2
Suppose 0 = 5*h + 4*l + 29, 13 = -0*h - 3*h + 2*l. What is the hundreds digit of (2 - -279)/(h/(-10))?
5
Let w(z) = 95*z**2 - 3398*z + 21. What is the tens digit of w(42)?
8
Let o be -4*((-7)/2)/(-1). Let d be -5*6 + 25/15*42/35. What is the units digit of 8/d + (-2734)/o?
5
Let q = -346 + 844. Suppose -q = l - 7*l. Let w = 152 - l. What is the tens digit of w?
6
Let n(g) = -g**2 - 42*g - 270. Let o be n(-34). Suppose -13*r + 9*r - 2852 = -o*j, -3*j - 5*r = -4223. What is the hundreds digit of j?
4
Let n = 13 - 13. Suppose -3*c + p + 2*p = -24, n = -4*c + 3*p + 31. Suppose c*r - 24 = 4. What is the units digit of r?
4
Suppose -33*g + 130 - 31 = 0. What is the hundreds digit of (-26715)/13*(5/g + -2)?
6
What is the ten thousands digit of 1/(7 - ((-348918)/(-48312) - (-2)/(-9)))?
2
Let h be 3 + 700/12*3. Suppose -791 = -3*t + h. What is the hundreds digit of t?
3
What is the units digit of (-13494)/(-5)*(-240)/(-72)?
6
Let f(j) = -j**3 + 8*j**2 + 10*j + 12. Suppose 4 - 4 = 6*y. Suppose -6*v = -7*v + 5*p - 1, -3*v - 5*p + 37 = y. What is the units digit of f(v)?
1
Let b(u) be the third derivative of -u**6/120 + u**5/10 + 11*u**4/24 + 7*u**3/3 - 12*u**2. Let h be b(10). Let n = h + 434. What is the tens digit of n?
5
Let d(j) = j**3 - 26*j**2 + 54*j - 58. What is the hundreds digit of d(27)?
1
Let d be (-20)/150 - (-1)/((-15)/268). What is the hundreds digit of 115 + d/(-24)*-4?
1
Let j be 4*(-14)/4*12/(-21). Suppose -j*z - 2358 = -17*z. What is the hundreds digit of z?
2
Let x = 53 + 136. Suppose 9*b = x + 63. What is the tens digit of b?
2
Let u(n) = 12*n - 92. Let p be u(11). Let r = 64 + -49. What is the units digit of (255/(-2))/(-5)*p/r?
8
Let y(l) = l**3 - 3*l**2 + 9*l + 23. Let o be y(-5). What is the hundreds digit of 1707/5*1 - o/370?
3
Suppose -12*a - 641814 - 171066 = 0. What is the units digit of (a/210)/((-2)/7)?
9
Let u(q) = 9*q**3 + 2*q**2 - 12*q + 19. Let d(j) = -5*j**3 - j**2 + 6*j - 10. Let h(l) = 7*d(l) + 4*u(l). Suppose 19 = 3*b + 7. What is the units digit of h(b)?
2
Let b = 453 - 407. Suppose -27351 = 19*p - b*p. What is the thousands digit of p?
1
Let p(k) = 18*k + 72. Let o(q) = -7*q - 29. Let i(z) = 12*o(z) + 5*p(z). Let v be i(0). Suppose x + v = 4*x. What is the units digit of x?
4
Let q be -31*2*(-54)/12. Let w be (-1 - -3)*(23/(-2) - -7). Let j = w + q. What is the hundreds digit of j?
2
Let a be (-2)/(-9)*9/1. Let d(w) = 20*w**2 + 75 + 3 - 4*w - 19*w**a. What is the tens digit of d(0)?
7
Let w = -71501 + 107432. What is the hundreds digit of w?
9
Let d(t) = 7576*t + 34. What is the units digit of d(1)?
0
Let y(s) = 27*s**2 + 53*s + 305. What is the ten thousands digit of y(-32)?
2
Let l(r) = 32*r**2 - 2*r - 3. Let k = -20 + 22. Suppose 0 = -4*b + 4*y + 4, -5*y + k*y - 11 = b. What is the tens digit of l(b)?
2
Let x(w) = w**2 + 5*w + 28. Let j(a) = -a**2 - 4*a - 2. Let r be j(-4). Let t(s) = s**2 - 4*s - 5. Let u be t(r). What is the tens digit of x(u)?
1
Suppose -3*m - 604 = c, 2*c + 4*m + 671 = -545. Let z = c + 1118. What is the units digit of z?
2
Suppose -22*d = -16*d - 120. Let r be (d + 3 - 0)*-3. What is the hundreds digit of 10/4*(5 - r)?
1
Let l(v) = -1589*v**3 - 7*v**2 + 26*v - 24. Let b(g) = -795*g**3 - 4*g**2 + 14*g - 13. Let k(h) = 7*b(h) - 4*l(h). What is the tens digit of k(1)?
9
Let a = -2280 - -842. Let t = a + 2399. What is the hundreds digit of t?
9
Suppose -5*b - 4*o - 22 = 0, 21*b - 23*b + 3*o - 18 = 0. Let c(i) = 31*i**2 - 11*i + 12. What is the hundreds digit of c(b)?
1
Let t be -13*(-28)/1638 + 86/18. Suppose 4*s = 20, -2*q + t*s = 3*q - 7490. What is the thousands digit of q?
1
Let j(t) = -68*t + 8. Let g be j(7). Let c = -912 + 645. Let d = c - g. What is the hundreds digit of d?
2
Let j(h) be the third derivative of h**6/120 - h**5/30 - h**4/12 + 58*h*